{"id":8200,"date":"2024-05-16T17:30:26","date_gmt":"2024-05-16T17:30:26","guid":{"rendered":"https:\/\/monpsychomag.com\/?post_type=product&#038;p=8200"},"modified":"2024-07-11T15:10:46","modified_gmt":"2024-07-11T15:10:46","slug":"resultat-au-test-de-jalousie","status":"publish","type":"product","link":"https:\/\/monpsychomag.com\/index.php\/produit\/resultat-au-test-de-jalousie\/","title":{"rendered":"R\u00e9sultat au test de jalousie"},"content":{"rendered":"<div class=\"db567aefa9b9073415b194386f2f1045\" data-index=\"3\" style=\"float: none; margin:0px 0 0px 0; text-align:center;\">\n<!-- Code \u00e0 placer \u00e0 l'endroit ou vous voulez afficher les publicit\u00e9s -->\r\n<div id=\"afrikad-slot-1741-p-1\"\r\n     data-afrikad\r\n     data-slot-id=\"1741\" \r\n     data-dynamic-countries=\"tg\"\r\n     style=\"margin: auto; width: 300px; height: 275px;\"><\/div>\r\n\r\n<!-- Code \u00e0 placer de pr\u00e9ference une seule fois en bas de page -->\r\n<script>\r\n    (function (d) {\r\n        if (window.afrikadInit == null) {\r\n            window.afrikadInit = function (sdk) {\r\n                sdk.autoload();\r\n            };\r\n        }\r\n\r\n        var js, ajs = d.getElementsByTagName('script')[0];\r\n        if (d.getElementById('afrikad-sdk')) {\r\n            return;\r\n        }\r\n        js = d.createElement('script');\r\n        js.id = \"afrikad-sdk\";\r\n        js.src = \"https:\/\/www.afrikad.com\/build\/latest\/js\/sdk.js\";\r\n        ajs.parentNode.insertBefore(js, ajs);\r\n    }(document));\r\n<\/script>\n<\/div>\n<p>Notre produit de r\u00e9sultats au test de jalousie est un outil complet et personnalis\u00e9 con\u00e7u pour vous aider \u00e0 mieux comprendre et g\u00e9rer votre jalousie de mani\u00e8re constructive. Que vous ressentiez des sentiments de jalousie dans vos relations personnelles, professionnelles ou sociales, notre test vous offre un moyen efficace d&rsquo;explorer ces \u00e9motions et de trouver des solutions pour les surmonter.<\/p>\n<p>En r\u00e9pondant \u00e0 une s\u00e9rie de questions sp\u00e9cifiquement con\u00e7ues pour \u00e9valuer les diff\u00e9rents aspects de la jalousie, vous obtiendrez un aper\u00e7u d\u00e9taill\u00e9 de vos sentiments et des facteurs qui les sous-tendent. Notre test prend en compte une vari\u00e9t\u00e9 de facteurs, tels que les exp\u00e9riences pass\u00e9es, les croyances personnelles et les dynamiques relationnelles, pour vous fournir des r\u00e9sultats pr\u00e9cis et pertinents.<\/p>\n<p>Une fois que vous avez termin\u00e9 le test, vous recevrez un rapport d\u00e9taill\u00e9 qui analyse vos r\u00e9ponses et met en lumi\u00e8re les tendances et les sch\u00e9mas de votre jalousie. Ce rapport vous aidera \u00e0 mieux comprendre les raisons de vos sentiments et \u00e0 identifier les domaines dans lesquels vous pourriez avoir besoin de travailler pour les surmonter.<\/p><div class=\"db567aefa9b9073415b194386f2f1045\" data-index=\"3\" style=\"float: none; margin:0px 0 0px 0; text-align:center;\">\n<!-- Code \u00e0 placer \u00e0 l'endroit ou vous voulez afficher les publicit\u00e9s -->\r\n<div id=\"afrikad-slot-1741-p-1\"\r\n     data-afrikad\r\n     data-slot-id=\"1741\" \r\n     data-dynamic-countries=\"tg\"\r\n     style=\"margin: auto; width: 300px; height: 275px;\"><\/div>\r\n\r\n<!-- Code \u00e0 placer de pr\u00e9ference une seule fois en bas de page -->\r\n<script>\r\n    (function (d) {\r\n        if (window.afrikadInit == null) {\r\n            window.afrikadInit = function (sdk) {\r\n                sdk.autoload();\r\n            };\r\n        }\r\n\r\n        var js, ajs = d.getElementsByTagName('script')[0];\r\n        if (d.getElementById('afrikad-sdk')) {\r\n            return;\r\n        }\r\n        js = d.createElement('script');\r\n        js.id = \"afrikad-sdk\";\r\n        js.src = \"https:\/\/www.afrikad.com\/build\/latest\/js\/sdk.js\";\r\n        ajs.parentNode.insertBefore(js, ajs);\r\n    }(document));\r\n<\/script>\n<\/div>\n\n<p>Mais notre produit ne s&rsquo;arr\u00eate pas l\u00e0. En plus des r\u00e9sultats du test, vous b\u00e9n\u00e9ficierez \u00e9galement de conseils pratiques et d&rsquo;outils pour vous aider \u00e0 g\u00e9rer votre jalousie de mani\u00e8re positive et constructive. Que ce soit par le biais de techniques de gestion du stress, de strat\u00e9gies de communication ou de conseils pour renforcer l&rsquo;estime de soi, notre objectif est de vous fournir les ressources dont vous avez besoin pour cultiver des relations saines et \u00e9panouissantes.<\/p>\n<p>En investissant dans notre produitt du test de jalousie, vous prenez le premier pas vers la r\u00e9solution de vos sentiments de jalousie et vers une vie plus \u00e9quilibr\u00e9e et plus \u00e9panouie. Ne laissez pas la jalousie dicter le cours de vos relations &#8211; d\u00e9couvrez d\u00e8s aujourd&rsquo;hui les moyens de la surmonter et de vivre une vie plus libre et plus heureuse.<\/p>\n\n<div style=\"font-size: 0px; height: 0px; line-height: 0px; margin: 0; padding: 0; clear: both;\"><\/div>","protected":false},"excerpt":{"rendered":"<p>Notre produit de r\u00e9sultats au test de jalousie est un outil complet con\u00e7u pour \u00e9valuer votre niveau de jalousie et vous fournir des conseils personnalis\u00e9s pour la g\u00e9rer de mani\u00e8re constructive. En r\u00e9pondant \u00e0 une s\u00e9rie de questions soigneusement \u00e9labor\u00e9es, vous obtiendrez un aper\u00e7u clair de vos sentiments et des \u00e9tapes que vous pouvez prendre pour cultiver des relations saines et \u00e9panouissantes. Avec notre produit, vous b\u00e9n\u00e9ficiez d&rsquo;une compr\u00e9hension approfondie de votre jalousie et des strat\u00e9gies pratiques pour la surmonter, vous permettant ainsi de vivre une vie plus libre et plus \u00e9panouie<\/p>\n","protected":false},"featured_media":5569,"comment_status":"open","ping_status":"closed","template":"","meta":{"jetpack_post_was_ever_published":false,"jetpack_publicize_message":"","jetpack_publicize_feature_enabled":true,"jetpack_social_post_already_shared":true,"jetpack_social_options":{"image_generator_settings":{"template":"highway","default_image_id":0,"font":"","enabled":false},"version":2}},"product_brand":[],"product_cat":[1392],"product_tag":[1405,1398],"class_list":{"0":"post-8200","1":"product","2":"type-product","3":"status-publish","4":"has-post-thumbnail","6":"product_cat-resultats-tests","7":"product_tag-jalousie","8":"product_tag-test","10":"first","11":"instock","12":"sale","13":"downloadable","14":"shipping-taxable","15":"purchasable","16":"product-type-simple"},"jetpack_publicize_connections":[],"jetpack_sharing_enabled":true,"jetpack_likes_enabled":true,"_links":{"self":[{"href":"https:\/\/monpsychomag.com\/index.php\/wp-json\/wp\/v2\/product\/8200","targetHints":{"allow":["GET"]}}],"collection":[{"href":"https:\/\/monpsychomag.com\/index.php\/wp-json\/wp\/v2\/product"}],"about":[{"href":"https:\/\/monpsychomag.com\/index.php\/wp-json\/wp\/v2\/types\/product"}],"replies":[{"embeddable":true,"href":"https:\/\/monpsychomag.com\/index.php\/wp-json\/wp\/v2\/comments?post=8200"}],"wp:featuredmedia":[{"embeddable":true,"href":"https:\/\/monpsychomag.com\/index.php\/wp-json\/wp\/v2\/media\/5569"}],"wp:attachment":[{"href":"https:\/\/monpsychomag.com\/index.php\/wp-json\/wp\/v2\/media?parent=8200"}],"wp:term":[{"taxonomy":"product_brand","embeddable":true,"href":"https:\/\/monpsychomag.com\/index.php\/wp-json\/wp\/v2\/product_brand?post=8200"},{"taxonomy":"product_cat","embeddable":true,"href":"https:\/\/monpsychomag.com\/index.php\/wp-json\/wp\/v2\/product_cat?post=8200"},{"taxonomy":"product_tag","embeddable":true,"href":"https:\/\/monpsychomag.com\/index.php\/wp-json\/wp\/v2\/product_tag?post=8200"}],"curies":[{"name":"wp","href":"https:\/\/api.w.org\/{rel}","templated":true}]}}