{"id":7912,"date":"2024-03-09T11:07:09","date_gmt":"2024-03-09T11:07:09","guid":{"rendered":"https:\/\/monpsychomag.com\/?post_type=product&#038;p=7912"},"modified":"2024-11-12T23:24:13","modified_gmt":"2024-11-12T23:24:13","slug":"rdv-avec-un-specialiste-de-la-psychologie","status":"publish","type":"product","link":"https:\/\/monpsychomag.com\/index.php\/produit\/rdv-avec-un-specialiste-de-la-psychologie\/","title":{"rendered":"RDV avec un sp\u00e9cialiste de la psychologie"},"content":{"rendered":"<div class=\"db567aefa9b9073415b194386f2f1045\" data-index=\"3\" style=\"float: none; margin:0px 0 0px 0; text-align:center;\">\n<!-- Code \u00e0 placer \u00e0 l'endroit ou vous voulez afficher les publicit\u00e9s -->\r\n<div id=\"afrikad-slot-1741-p-1\"\r\n     data-afrikad\r\n     data-slot-id=\"1741\" \r\n     data-dynamic-countries=\"tg\"\r\n     style=\"margin: auto; width: 300px; height: 275px;\"><\/div>\r\n\r\n<!-- Code \u00e0 placer de pr\u00e9ference une seule fois en bas de page -->\r\n<script>\r\n    (function (d) {\r\n        if (window.afrikadInit == null) {\r\n            window.afrikadInit = function (sdk) {\r\n                sdk.autoload();\r\n            };\r\n        }\r\n\r\n        var js, ajs = d.getElementsByTagName('script')[0];\r\n        if (d.getElementById('afrikad-sdk')) {\r\n            return;\r\n        }\r\n        js = d.createElement('script');\r\n        js.id = \"afrikad-sdk\";\r\n        js.src = \"https:\/\/www.afrikad.com\/build\/latest\/js\/sdk.js\";\r\n        ajs.parentNode.insertBefore(js, ajs);\r\n    }(document));\r\n<\/script>\n<\/div>\n<p><em>Plongez dans un voyage de d\u00e9couverte personnelle et de croissance avec notre Service de Prise de Rendez-vous avec un Psychologue Expert. Que vous recherchiez un soutien en mati\u00e8re de sant\u00e9 mentale, des conseils en orientation professionnelle ou une aide dans le domaine de l&rsquo;\u00e9ducation, notre \u00e9quipe de psychologues certifi\u00e9s est l\u00e0 pour vous accompagner.<\/em><\/p>\n<p><em>Avec notre syst\u00e8me convivial de prise de rendez-vous en ligne, r\u00e9servez facilement une consultation \u00e0 votre convenance. Choisissez parmi une gamme de services sp\u00e9cialis\u00e9s, allant de l&rsquo;orientation scolaire et professionnelle \u00e0 la gestion du stress, en passant par le soutien \u00e9motionnel et le d\u00e9veloppement personnel.<\/em><\/p><div class=\"db567aefa9b9073415b194386f2f1045\" data-index=\"3\" style=\"float: none; margin:0px 0 0px 0; text-align:center;\">\n<!-- Code \u00e0 placer \u00e0 l'endroit ou vous voulez afficher les publicit\u00e9s -->\r\n<div id=\"afrikad-slot-1741-p-1\"\r\n     data-afrikad\r\n     data-slot-id=\"1741\" \r\n     data-dynamic-countries=\"tg\"\r\n     style=\"margin: auto; width: 300px; height: 275px;\"><\/div>\r\n\r\n<!-- Code \u00e0 placer de pr\u00e9ference une seule fois en bas de page -->\r\n<script>\r\n    (function (d) {\r\n        if (window.afrikadInit == null) {\r\n            window.afrikadInit = function (sdk) {\r\n                sdk.autoload();\r\n            };\r\n        }\r\n\r\n        var js, ajs = d.getElementsByTagName('script')[0];\r\n        if (d.getElementById('afrikad-sdk')) {\r\n            return;\r\n        }\r\n        js = d.createElement('script');\r\n        js.id = \"afrikad-sdk\";\r\n        js.src = \"https:\/\/www.afrikad.com\/build\/latest\/js\/sdk.js\";\r\n        ajs.parentNode.insertBefore(js, ajs);\r\n    }(document));\r\n<\/script>\n<\/div>\n\n<p><em>Nos psychologues experts offrent un soutien empathique et personnalis\u00e9, adapt\u00e9 \u00e0 vos besoins uniques. Chaque consultation est une opportunit\u00e9 de progresser sur votre chemin vers le bien-\u00eatre mental et \u00e9motionnel.<\/em><\/p>\n<p><em>Que vous cherchiez \u00e0 surmonter des d\u00e9fis personnels, \u00e0 explorer de nouvelles possibilit\u00e9s professionnelles ou simplement \u00e0 trouver un espace s\u00fbr pour exprimer vos pens\u00e9es et vos sentiments, notre service de prise de rendez-vous avec un psychologue est l\u00e0 pour vous guider \u00e0 chaque \u00e9tape du chemin.<\/em><\/p>\n<p><em>Prenez le contr\u00f4le de votre bien-\u00eatre d\u00e8s aujourd&rsquo;hui. R\u00e9servez votre rendez-vous avec l&rsquo;un de nos psychologues experts et commencez votre voyage vers une vie plus \u00e9quilibr\u00e9e et \u00e9panouissante.<\/em><\/p>\n\n<div style=\"font-size: 0px; height: 0px; line-height: 0px; margin: 0; padding: 0; clear: both;\"><\/div>","protected":false},"excerpt":{"rendered":"<p>Cliquez simplement <strong><a href=\"https:\/\/monpsychomag.com\/index.php\/rdv-avec-un-psychologue-selon-ce-que-vous-voulez\/\">ici pour prendre le rdv<\/a><\/strong><img loading=\"lazy\" decoding=\"async\" class=\"alignnone size-medium wp-image-5077\" src=\"https:\/\/monpsychomag.com\/wp-content\/uploads\/2021\/09\/psy281293445323129667776046.-300x200.jpg\" alt=\"\" width=\"300\" height=\"200\" \/><\/p>\n<p>00228 96 48 63 95<\/p>\n","protected":false},"featured_media":7503,"comment_status":"open","ping_status":"closed","template":"","meta":{"jetpack_post_was_ever_published":false,"jetpack_publicize_message":"","jetpack_publicize_feature_enabled":true,"jetpack_social_post_already_shared":true,"jetpack_social_options":{"image_generator_settings":{"template":"highway","default_image_id":0,"font":"","enabled":false},"version":2}},"product_brand":[],"product_cat":[1396,1393],"product_tag":[1400,1399],"class_list":{"0":"post-7912","1":"product","2":"type-product","3":"status-publish","4":"has-post-thumbnail","6":"product_cat-prendre-rdv","7":"product_cat-services","8":"product_tag-psychologue","9":"product_tag-rdv","11":"first","12":"instock","13":"downloadable","14":"virtual","15":"product-type-simple"},"jetpack_publicize_connections":[],"jetpack_sharing_enabled":true,"jetpack_likes_enabled":true,"_links":{"self":[{"href":"https:\/\/monpsychomag.com\/index.php\/wp-json\/wp\/v2\/product\/7912","targetHints":{"allow":["GET"]}}],"collection":[{"href":"https:\/\/monpsychomag.com\/index.php\/wp-json\/wp\/v2\/product"}],"about":[{"href":"https:\/\/monpsychomag.com\/index.php\/wp-json\/wp\/v2\/types\/product"}],"replies":[{"embeddable":true,"href":"https:\/\/monpsychomag.com\/index.php\/wp-json\/wp\/v2\/comments?post=7912"}],"wp:featuredmedia":[{"embeddable":true,"href":"https:\/\/monpsychomag.com\/index.php\/wp-json\/wp\/v2\/media\/7503"}],"wp:attachment":[{"href":"https:\/\/monpsychomag.com\/index.php\/wp-json\/wp\/v2\/media?parent=7912"}],"wp:term":[{"taxonomy":"product_brand","embeddable":true,"href":"https:\/\/monpsychomag.com\/index.php\/wp-json\/wp\/v2\/product_brand?post=7912"},{"taxonomy":"product_cat","embeddable":true,"href":"https:\/\/monpsychomag.com\/index.php\/wp-json\/wp\/v2\/product_cat?post=7912"},{"taxonomy":"product_tag","embeddable":true,"href":"https:\/\/monpsychomag.com\/index.php\/wp-json\/wp\/v2\/product_tag?post=7912"}],"curies":[{"name":"wp","href":"https:\/\/api.w.org\/{rel}","templated":true}]}}