{"id":5563,"date":"2021-10-21T17:23:09","date_gmt":"2021-10-21T17:23:09","guid":{"rendered":"https:\/\/monpsychomag.com\/?page_id=5563"},"modified":"2021-10-21T17:23:13","modified_gmt":"2021-10-21T17:23:13","slug":"votre-resistance-au-stress","status":"publish","type":"page","link":"https:\/\/monpsychomag.com\/index.php\/votre-resistance-au-stress\/","title":{"rendered":"Votre r\u00e9sistance au stress"},"content":{"rendered":"<div class=\"db567aefa9b9073415b194386f2f1045\" data-index=\"3\" style=\"float: none; margin:0px 0 0px 0; text-align:center;\">\n<!-- Code \u00e0 placer \u00e0 l'endroit ou vous voulez afficher les publicit\u00e9s -->\r\n<div id=\"afrikad-slot-1741-p-1\"\r\n     data-afrikad\r\n     data-slot-id=\"1741\" \r\n     data-dynamic-countries=\"tg\"\r\n     style=\"margin: auto; width: 300px; height: 275px;\"><\/div>\r\n\r\n<!-- Code \u00e0 placer de pr\u00e9ference une seule fois en bas de page -->\r\n<script>\r\n    (function (d) {\r\n        if (window.afrikadInit == null) {\r\n            window.afrikadInit = function (sdk) {\r\n                sdk.autoload();\r\n            };\r\n        }\r\n\r\n        var js, ajs = d.getElementsByTagName('script')[0];\r\n        if (d.getElementById('afrikad-sdk')) {\r\n            return;\r\n        }\r\n        js = d.createElement('script');\r\n        js.id = \"afrikad-sdk\";\r\n        js.src = \"https:\/\/www.afrikad.com\/build\/latest\/js\/sdk.js\";\r\n        ajs.parentNode.insertBefore(js, ajs);\r\n    }(document));\r\n<\/script>\n<\/div>\n\n<p>23 POINTS ET PLUS<\/p>\n\n\n\n<p><strong><em>Basse<\/em><\/strong><\/p>\n\n\n\n<p class=\"has-text-align-justify\"><strong>Votre profil<\/strong> : caract\u00e9ris\u00e9 par un sens aigu de l&rsquo;efficacit\u00e9 et du r\u00e9sultat imm\u00e9diat (vous ne savez pas faire la part entre l&rsquo;urgent et l&rsquo;important et vous organiser en cons\u00e9quence), un niveau de performances physiques et intellectuelles parfois d&rsquo;autant plus inconstant qu&rsquo;il est \u00e9lev\u00e9. <\/p>\n\n\n\n<p class=\"has-text-align-justify\">Vos capacit\u00e9s de <a href=\"https:\/\/monpsychomag.com\/index.php\/tag\/mecanismes-de-defense\/\" data-type=\"post_tag\" data-id=\"162\"><strong>d\u00e9fenses psychologiques<\/strong><\/a> sont faibles : vous \u00e9chappez et vous r\u00e9sistez mal au <a href=\"https:\/\/monpsychomag.com\/index.php\/2021\/08\/02\/quest-ce-que-le-stress\/\" data-type=\"post\" data-id=\"3985\"><strong>stress<\/strong><\/a> (mauvaise identification des sympt\u00f4mes et gestion des sources), vous anticipez et vous surmontez mal les conflits (manque de psychologie et\/ou de self-control dans les relations interpersonnelles) et vous rebondissez plut\u00f4t mal et lentement apr\u00e8s un \u00e9chec (vous vous d\u00e9pr\u00e9ciez ou vous vous  d\u00e9faussez de vos responsabilit\u00e9s sur les autres).<\/p>\n\n\n\n<p>DE 13 A 22 POINTS<\/p>\n\n\n\n<p><strong><em>Moyenne<\/em><\/strong><\/p>\n\n\n\n<p class=\"has-text-align-justify\"><strong>Votre profil<\/strong> : caract\u00e9ris\u00e9 par un niveau de performances physiques et intellectuelles moyen, mais constant. Vous int\u00e9grez bien dans votre gestion du temps et votre travail la recherche d&rsquo;efficacit\u00e9 imm\u00e9diate et de r\u00e9sultats \u00e0 long terme (vous savez faire en g\u00e9n\u00e9ral la part entre l&rsquo;urgent et l&rsquo;important et vous organisez en cons\u00e9quence). <\/p><div class=\"db567aefa9b9073415b194386f2f1045\" data-index=\"3\" style=\"float: none; margin:0px 0 0px 0; text-align:center;\">\n<!-- Code \u00e0 placer \u00e0 l'endroit ou vous voulez afficher les publicit\u00e9s -->\r\n<div id=\"afrikad-slot-1741-p-1\"\r\n     data-afrikad\r\n     data-slot-id=\"1741\" \r\n     data-dynamic-countries=\"tg\"\r\n     style=\"margin: auto; width: 300px; height: 275px;\"><\/div>\r\n\r\n<!-- Code \u00e0 placer de pr\u00e9ference une seule fois en bas de page -->\r\n<script>\r\n    (function (d) {\r\n        if (window.afrikadInit == null) {\r\n            window.afrikadInit = function (sdk) {\r\n                sdk.autoload();\r\n            };\r\n        }\r\n\r\n        var js, ajs = d.getElementsByTagName('script')[0];\r\n        if (d.getElementById('afrikad-sdk')) {\r\n            return;\r\n        }\r\n        js = d.createElement('script');\r\n        js.id = \"afrikad-sdk\";\r\n        js.src = \"https:\/\/www.afrikad.com\/build\/latest\/js\/sdk.js\";\r\n        ajs.parentNode.insertBefore(js, ajs);\r\n    }(document));\r\n<\/script>\n<\/div>\n\n\n\n\n<p class=\"has-text-align-justify\">Vos capacit\u00e9s de d\u00e9fenses psychologiques sont assez fortes (bonne ma\u00eetrise des \u00e9motions et gestion des sources de stress) Vous anticipez et vous surmontez plut\u00f4t bien les conflits (vous avez une intelligence des situations, vous \u00eates proche des autres tout en restant objectif) et vous rebondissez assez rapidement apr\u00e8s un \u00e9chec. Mais dans des situations trop longtemps d\u00e9cevantes et\/ou franchement hostiles, vous risquez de craquer sous la pression.<\/p>\n\n\n\n<p>12 POINTS ET MOINS<\/p>\n\n\n\n<p><strong><em>Elev\u00e9e<\/em><\/strong><\/p>\n\n\n\n<p class=\"has-text-align-justify\"><strong>Votre profil<\/strong> : caract\u00e9ris\u00e9 par un sens aigu de la dur\u00e9e et un niveau de performances physiques et intellectuelles \u00e9lev\u00e9 et constant. Est-ce le fait d&rsquo;une nature tr\u00e8s flegmatique (le stress coule sur vous comme l&rsquo;eau sur les plumes d&rsquo;un canard) ? Une conscience tr\u00e8s claire de vos r\u00e9els besoins (vous savez ce que vous voulez) et de vos comp\u00e9tences (vous exploitez vos vrais talents au lieu de stresser sur ce qui ne va pas chez vous) ? <\/p>\n\n\n\n<p class=\"has-text-align-justify\">Une intelligence des situations et m\u00e9thodes de travail rod\u00e9es (vous savez faire la par entre l&rsquo;urgent, l&rsquo;important et l&rsquo;inutile et vous organiser en cons\u00e9quence) ? Ou un peu de tout \u00e7a ? <\/p>\n\n\n\n<p class=\"has-text-align-justify\">En tout cas, vos capacit\u00e9s de d\u00e9fenses psychologiques sont tr\u00e8s fortes : vous \u00e9chappez (autant que possible) et vous r\u00e9sistez bien au stress ( bonne identification des sympt\u00f4mes et gestion des sources). Vous savez rester efficace dans les situations d\u00e9cevantes, voire m\u00eame hostiles, malgr\u00e9 la pression et les \u00e9checs.<\/p>\n\n<div style=\"font-size: 0px; height: 0px; line-height: 0px; margin: 0; padding: 0; clear: both;\"><\/div>","protected":false},"excerpt":{"rendered":"<p>23 POINTS ET PLUS Basse Votre profil : caract\u00e9ris\u00e9 par<\/p>\n","protected":false},"author":122,"featured_media":0,"parent":0,"menu_order":0,"comment_status":"closed","ping_status":"closed","template":"","meta":{"jetpack_post_was_ever_published":false,"footnotes":""},"class_list":["post-5563","page","type-page","status-publish","hentry"],"jetpack_sharing_enabled":true,"jetpack_likes_enabled":true,"_links":{"self":[{"href":"https:\/\/monpsychomag.com\/index.php\/wp-json\/wp\/v2\/pages\/5563","targetHints":{"allow":["GET"]}}],"collection":[{"href":"https:\/\/monpsychomag.com\/index.php\/wp-json\/wp\/v2\/pages"}],"about":[{"href":"https:\/\/monpsychomag.com\/index.php\/wp-json\/wp\/v2\/types\/page"}],"author":[{"embeddable":true,"href":"https:\/\/monpsychomag.com\/index.php\/wp-json\/wp\/v2\/users\/122"}],"replies":[{"embeddable":true,"href":"https:\/\/monpsychomag.com\/index.php\/wp-json\/wp\/v2\/comments?post=5563"}],"version-history":[{"count":1,"href":"https:\/\/monpsychomag.com\/index.php\/wp-json\/wp\/v2\/pages\/5563\/revisions"}],"predecessor-version":[{"id":5565,"href":"https:\/\/monpsychomag.com\/index.php\/wp-json\/wp\/v2\/pages\/5563\/revisions\/5565"}],"wp:attachment":[{"href":"https:\/\/monpsychomag.com\/index.php\/wp-json\/wp\/v2\/media?parent=5563"}],"curies":[{"name":"wp","href":"https:\/\/api.w.org\/{rel}","templated":true}]}}