{"id":5240,"date":"2021-10-05T06:53:10","date_gmt":"2021-10-05T06:53:10","guid":{"rendered":"http:\/\/monpsychomag.com\/?page_id=5240"},"modified":"2021-10-05T06:53:12","modified_gmt":"2021-10-05T06:53:12","slug":"commentaire-3","status":"publish","type":"page","link":"https:\/\/monpsychomag.com\/index.php\/commentaire-3\/","title":{"rendered":"Commentaire"},"content":{"rendered":"<div class=\"db567aefa9b9073415b194386f2f1045\" data-index=\"3\" style=\"float: none; margin:0px 0 0px 0; text-align:center;\">\n<!-- Code \u00e0 placer \u00e0 l'endroit ou vous voulez afficher les publicit\u00e9s -->\r\n<div id=\"afrikad-slot-1741-p-1\"\r\n     data-afrikad\r\n     data-slot-id=\"1741\" \r\n     data-dynamic-countries=\"tg\"\r\n     style=\"margin: auto; width: 300px; height: 275px;\"><\/div>\r\n\r\n<!-- Code \u00e0 placer de pr\u00e9ference une seule fois en bas de page -->\r\n<script>\r\n    (function (d) {\r\n        if (window.afrikadInit == null) {\r\n            window.afrikadInit = function (sdk) {\r\n                sdk.autoload();\r\n            };\r\n        }\r\n\r\n        var js, ajs = d.getElementsByTagName('script')[0];\r\n        if (d.getElementById('afrikad-sdk')) {\r\n            return;\r\n        }\r\n        js = d.createElement('script');\r\n        js.id = \"afrikad-sdk\";\r\n        js.src = \"https:\/\/www.afrikad.com\/build\/latest\/js\/sdk.js\";\r\n        ajs.parentNode.insertBefore(js, ajs);\r\n    }(document));\r\n<\/script>\n<\/div>\n\n<h3 class=\"wp-block-heading\">Moins de 10 points<\/h3>\n\n\n\n<p class=\"has-text-align-justify\">Ce score signifie que vous avez encore quelques probl\u00e8mes \u00e0 r\u00e9soudre. Vous n&rsquo;\u00eates pas serein et vous ne pensez pas pouvoir l&rsquo;\u00eatre \u00e0 cause de toutes les difficult\u00e9s que vous rencontrez. Pour vous, le bonheur reste un d\u00e9sir peu r\u00e9alisable.<\/p>\n\n\n\n<h3 class=\"wp-block-heading\">De 10 \u00e0 18 points<\/h3>\n\n\n\n<p class=\"has-text-align-justify\">Vous \u00eates quelqu&rsquo;un de normal, avec vos phases de s\u00e9r\u00e9nit\u00e9 absolue, vos \u00e9lans d&rsquo;enthousiasme, mais \u00e9galement vos d\u00e9ceptions. R\u00e9solument optimiste, vous avez par cons\u00e9quent <a href=\"https:\/\/monpsychomag.com\/index.php\/2020\/10\/19\/renforcez-votre-confiance-en-soi-avec-cet-exercice\/\" data-type=\"post\" data-id=\"942\"><strong>confiance<\/strong><\/a> en l&rsquo;avenir. Les autres sont vos amis, le bonheur est \u00e0 port\u00e9e de main : n&rsquo;ayez pas peur de le reconna\u00eetre. Laissez-vous aller un peu plus.<\/p><div class=\"db567aefa9b9073415b194386f2f1045\" data-index=\"3\" style=\"float: none; margin:0px 0 0px 0; text-align:center;\">\n<!-- Code \u00e0 placer \u00e0 l'endroit ou vous voulez afficher les publicit\u00e9s -->\r\n<div id=\"afrikad-slot-1741-p-1\"\r\n     data-afrikad\r\n     data-slot-id=\"1741\" \r\n     data-dynamic-countries=\"tg\"\r\n     style=\"margin: auto; width: 300px; height: 275px;\"><\/div>\r\n\r\n<!-- Code \u00e0 placer de pr\u00e9ference une seule fois en bas de page -->\r\n<script>\r\n    (function (d) {\r\n        if (window.afrikadInit == null) {\r\n            window.afrikadInit = function (sdk) {\r\n                sdk.autoload();\r\n            };\r\n        }\r\n\r\n        var js, ajs = d.getElementsByTagName('script')[0];\r\n        if (d.getElementById('afrikad-sdk')) {\r\n            return;\r\n        }\r\n        js = d.createElement('script');\r\n        js.id = \"afrikad-sdk\";\r\n        js.src = \"https:\/\/www.afrikad.com\/build\/latest\/js\/sdk.js\";\r\n        ajs.parentNode.insertBefore(js, ajs);\r\n    }(document));\r\n<\/script>\n<\/div>\n\n\n\n\n<h3 class=\"wp-block-heading\">Plus de 18 points<\/h3>\n\n\n\n<p class=\"has-text-align-justify\">Vous appartenez \u00e0 l&rsquo;\u00e9lite restreinte et envi\u00e9e de ceux qui ont la chance d&rsquo;avoir compris comment les choses fonctionnent. Vous savez aborder les probl\u00e8mes, car vous n&rsquo;y \u00e9chappez pas, avec la juste dose de d\u00e9tachement et de s\u00e9r\u00e9nit\u00e9. Vous n&rsquo; accordez qu&rsquo;une faible importance aux tracas quotidiens, et il suffit d&rsquo;un rien pour vous rendre heureux.<\/p>\n\n<div style=\"font-size: 0px; height: 0px; line-height: 0px; margin: 0; padding: 0; clear: both;\"><\/div>","protected":false},"excerpt":{"rendered":"<p>Moins de 10 points Ce score signifie que vous avez<\/p>\n","protected":false},"author":122,"featured_media":0,"parent":0,"menu_order":0,"comment_status":"closed","ping_status":"closed","template":"","meta":{"jetpack_post_was_ever_published":false,"footnotes":""},"class_list":["post-5240","page","type-page","status-publish","hentry"],"jetpack_sharing_enabled":true,"jetpack_likes_enabled":true,"_links":{"self":[{"href":"https:\/\/monpsychomag.com\/index.php\/wp-json\/wp\/v2\/pages\/5240","targetHints":{"allow":["GET"]}}],"collection":[{"href":"https:\/\/monpsychomag.com\/index.php\/wp-json\/wp\/v2\/pages"}],"about":[{"href":"https:\/\/monpsychomag.com\/index.php\/wp-json\/wp\/v2\/types\/page"}],"author":[{"embeddable":true,"href":"https:\/\/monpsychomag.com\/index.php\/wp-json\/wp\/v2\/users\/122"}],"replies":[{"embeddable":true,"href":"https:\/\/monpsychomag.com\/index.php\/wp-json\/wp\/v2\/comments?post=5240"}],"version-history":[{"count":1,"href":"https:\/\/monpsychomag.com\/index.php\/wp-json\/wp\/v2\/pages\/5240\/revisions"}],"predecessor-version":[{"id":5242,"href":"https:\/\/monpsychomag.com\/index.php\/wp-json\/wp\/v2\/pages\/5240\/revisions\/5242"}],"wp:attachment":[{"href":"https:\/\/monpsychomag.com\/index.php\/wp-json\/wp\/v2\/media?parent=5240"}],"curies":[{"name":"wp","href":"https:\/\/api.w.org\/{rel}","templated":true}]}}