{"id":1077,"date":"2020-11-05T10:56:25","date_gmt":"2020-11-05T10:56:25","guid":{"rendered":"http:\/\/monpsychomag.com\/?page_id=1077"},"modified":"2022-01-31T08:37:45","modified_gmt":"2022-01-31T08:37:45","slug":"commentaire-des-resultats-2","status":"publish","type":"page","link":"https:\/\/monpsychomag.com\/index.php\/commentaire-des-resultats-2\/","title":{"rendered":"Commentaire des r\u00e9sultats"},"content":{"rendered":"<div class=\"db567aefa9b9073415b194386f2f1045\" data-index=\"3\" style=\"float: none; margin:0px 0 0px 0; text-align:center;\">\n<!-- Code \u00e0 placer \u00e0 l'endroit ou vous voulez afficher les publicit\u00e9s -->\r\n<div id=\"afrikad-slot-1741-p-1\"\r\n     data-afrikad\r\n     data-slot-id=\"1741\" \r\n     data-dynamic-countries=\"tg\"\r\n     style=\"margin: auto; width: 300px; height: 275px;\"><\/div>\r\n\r\n<!-- Code \u00e0 placer de pr\u00e9ference une seule fois en bas de page -->\r\n<script>\r\n    (function (d) {\r\n        if (window.afrikadInit == null) {\r\n            window.afrikadInit = function (sdk) {\r\n                sdk.autoload();\r\n            };\r\n        }\r\n\r\n        var js, ajs = d.getElementsByTagName('script')[0];\r\n        if (d.getElementById('afrikad-sdk')) {\r\n            return;\r\n        }\r\n        js = d.createElement('script');\r\n        js.id = \"afrikad-sdk\";\r\n        js.src = \"https:\/\/www.afrikad.com\/build\/latest\/js\/sdk.js\";\r\n        ajs.parentNode.insertBefore(js, ajs);\r\n    }(document));\r\n<\/script>\n<\/div>\n\n<p>Votre total est :<\/p>\n\n\n\n<p><strong>Inf\u00e9rieur \u00e0 150<\/strong> : vous avez un niveau de stress accumul\u00e9 mod\u00e9r\u00e9. Vos risques de contracter une maladie sont d&rsquo;environ 30%.<\/p>\n\n\n\n<p><strong>Entre 150 et 300<\/strong> : Vous avez un niveau de stress accumul\u00e9 \u00e9lev\u00e9. Vos risques de contracter une maladie sont d&rsquo;environ 50%. Pour cela, utilisez cette technique <a href=\"https:\/\/monpsychomag.com\/index.php\/2020\/12\/18\/exercice-anti-stress\/\"><strong>anti stress<\/strong><\/a>.<\/p><div class=\"db567aefa9b9073415b194386f2f1045\" data-index=\"3\" style=\"float: none; margin:0px 0 0px 0; text-align:center;\">\n<!-- Code \u00e0 placer \u00e0 l'endroit ou vous voulez afficher les publicit\u00e9s -->\r\n<div id=\"afrikad-slot-1741-p-1\"\r\n     data-afrikad\r\n     data-slot-id=\"1741\" \r\n     data-dynamic-countries=\"tg\"\r\n     style=\"margin: auto; width: 300px; height: 275px;\"><\/div>\r\n\r\n<!-- Code \u00e0 placer de pr\u00e9ference une seule fois en bas de page -->\r\n<script>\r\n    (function (d) {\r\n        if (window.afrikadInit == null) {\r\n            window.afrikadInit = function (sdk) {\r\n                sdk.autoload();\r\n            };\r\n        }\r\n\r\n        var js, ajs = d.getElementsByTagName('script')[0];\r\n        if (d.getElementById('afrikad-sdk')) {\r\n            return;\r\n        }\r\n        js = d.createElement('script');\r\n        js.id = \"afrikad-sdk\";\r\n        js.src = \"https:\/\/www.afrikad.com\/build\/latest\/js\/sdk.js\";\r\n        ajs.parentNode.insertBefore(js, ajs);\r\n    }(document));\r\n<\/script>\n<\/div>\n\n\n\n\n<p><strong>Au del\u00e0 de 300 points <\/strong>: Vous avez un niveau de stress accumul\u00e9 tr\u00e8s \u00e9lev\u00e9. Vos risques de contracter une maladie sont d&rsquo;environ 80%. Vous devez <strong><span class=\"has-inline-color has-vivid-red-color\"><a href=\"https:\/\/monpsychomag.com\/index.php\/contact\/\">contacter un psychologue<\/a><\/span><\/strong>.<\/p>\n\n\n\n<p class=\"has-text-align-justify\"><strong><span class=\"has-inline-color has-vivid-red-color\">NB: Les scores sont discutables, subjectifs. Ils ne prennent pas en compte la perception du sujet face aux \u00e9v\u00e9nements, la fa\u00e7on dont il vit la situation. Cette \u00e9chelle ne prend pas en compte non plus les traits de personnalit\u00e9, l&rsquo;\u00e2ge, le genre, le contexte, les \u00e9l\u00e9ments de vie mineurs, l&rsquo;intensit\u00e9 du niveau de stress, la culture\u2026.<\/span><\/strong><\/p>\n\n<div style=\"font-size: 0px; height: 0px; line-height: 0px; margin: 0; padding: 0; clear: both;\"><\/div>","protected":false},"excerpt":{"rendered":"<p>Votre total est : Inf\u00e9rieur \u00e0 150 : vous avez<\/p>\n","protected":false},"author":122,"featured_media":0,"parent":0,"menu_order":0,"comment_status":"closed","ping_status":"closed","template":"","meta":{"jetpack_post_was_ever_published":false,"footnotes":""},"class_list":["post-1077","page","type-page","status-publish","hentry"],"jetpack_sharing_enabled":true,"jetpack_likes_enabled":true,"_links":{"self":[{"href":"https:\/\/monpsychomag.com\/index.php\/wp-json\/wp\/v2\/pages\/1077","targetHints":{"allow":["GET"]}}],"collection":[{"href":"https:\/\/monpsychomag.com\/index.php\/wp-json\/wp\/v2\/pages"}],"about":[{"href":"https:\/\/monpsychomag.com\/index.php\/wp-json\/wp\/v2\/types\/page"}],"author":[{"embeddable":true,"href":"https:\/\/monpsychomag.com\/index.php\/wp-json\/wp\/v2\/users\/122"}],"replies":[{"embeddable":true,"href":"https:\/\/monpsychomag.com\/index.php\/wp-json\/wp\/v2\/comments?post=1077"}],"version-history":[{"count":6,"href":"https:\/\/monpsychomag.com\/index.php\/wp-json\/wp\/v2\/pages\/1077\/revisions"}],"predecessor-version":[{"id":3320,"href":"https:\/\/monpsychomag.com\/index.php\/wp-json\/wp\/v2\/pages\/1077\/revisions\/3320"}],"wp:attachment":[{"href":"https:\/\/monpsychomag.com\/index.php\/wp-json\/wp\/v2\/media?parent=1077"}],"curies":[{"name":"wp","href":"https:\/\/api.w.org\/{rel}","templated":true}]}}